24?
3
What is the ten thousands digit of 16333?
1
What is the ten thousands digit of 51015?
5
What is the units digit of 2498?
8
What is the ten thousands digit of 17267?
1
What is the tens digit of 1485?
8
What is the hundreds digit of 13634?
6
What is the ten thousands digit of 10985?
1
What is the hundreds digit of 4456?
4
What is the units digit of 5302?
2
What is the hundreds digit of 889?
8
What is the hundreds digit of 90139?
1
What is the tens digit of 288?
8
What is the tens digit of 1414?
1
What is the thousands digit of 5676?
5
What is the thousands digit of 7221?
7
What is the hundreds digit of 59168?
1
What is the thousands digit of 73277?
3
What is the hundreds digit of 3259?
2
What is the hundreds digit of 2888?
8
What is the hundreds digit of 17698?
6
What is the tens digit of 9873?
7
What is the hundreds digit of 11779?
7
What is the thousands digit of 14189?
4
What is the tens digit of 15061?
6
What is the tens digit of 4053?
5
What is the thousands digit of 3140?
3
What is the hundreds digit of 5711?
7
What is the thousands digit of 4409?
4
What is the tens digit of 5917?
1
What is the units digit of 2274?
4
What is the units digit of 53373?
3
What is the tens digit of 7209?
0
What is the tens digit of 25?
2
What is the units digit of 92546?
6
What is the tens digit of 840?
4
What is the units digit of 15138?
8
What is the hundreds digit of 4154?
1
What is the ten thousands digit of 11256?
1
What is the ten thousands digit of 14643?
1
What is the tens digit of 3851?
5
What is the ten thousands digit of 188747?
8
What is the tens digit of 50599?
9
What is the tens digit of 1174?
7
What is the thousands digit of 2379?
2
What is the hundreds digit of 1200?
2
What is the tens digit of 801?
0
What is the thousands digit of 141782?
1
What is the ten thousands digit of 13845?
1
What is the units digit of 48107?
7
What is the thousands digit of 12260?
2
What is the units digit of 2809?
9
What is the ten thousands digit of 84035?
8
What is the ten thousands digit of 10785?
1
What is the hundreds digit of 39071?
0
What is the tens digit of 886?
8
What is the units digit of 2708?
8
What is the units digit of 17535?
5
What is the tens digit of 721?
2
What is the thousands digit of 9696?
9
What is the thousands digit of 19758?
9
What is the tens digit of 252?
5
What is the hundreds digit of 743?
7
What is the units digit of 160?
0
What is the thousands digit of 96316?
6
What is the hundreds digit of 2796?
7
What is the thousands digit of 35090?
5
What is the tens digit of 32596?
9
What is the tens digit of 9466?
6
What is the tens digit of 2470?
7
What is the ten thousands digit of 167925?
6
What is the thousands digit of 48349?
8
What is the units digit of 14479?
9
What is the hundreds digit of 134272?
2
What is the thousands digit of 5464?
5
What is the thousands digit of 20329?
0
What is the tens digit of 28883?
8
What is the units digit of 8505?
5
What is the units digit of 622?
2
What is the hundreds digit of 368?
3
What is the tens digit of 6574?
7
What is the ten thousands digit of 60654?
6
What is the hundreds digit of 2682?
6
What is the hundreds digit of 42430?
4
What is the units digit of 579?
9
What is the thousands digit of 25550?
5
What is the thousands digit of 18884?
8
What is the tens digit of 1205?
0
What is the thousands digit of 6139?
6
What is the hundreds digit of 12476?
4
What is the ten thousands digit of 92990?
9
What is the tens digit of 195?
9
What is the thousands digit of 23728?
3
What is the tens digit of 12792?
9
What is the tens digit of 600?
0
What is the tens digit of 109122?
2
What is the units digit of 5922?
2
What is the hundreds digit of 3188?
1
What is the hundreds digit of 2358?
3
What is the hundreds digit of 2050?
0
What is the thousands digit of 15061?
5
What is the tens digit of 31472?
7
What is the tens digit of 172?
7
What is the units digit of 52919?
9
What is the units digit of 15454?
4
What is the units digit of 19199?
9
What is the hundreds digit of 10584?
5
What is the thousands digit of 1778?
1
What is the ten thousands digit of 14515?
1
What is the units digit of 2102?
2
What is the units digit of 60877?
7
What is the tens digit of 5279?
7
What is the units digit of 43688?
8
What is the units digit of 746?
6
What is the tens digit of 7582?
8
What is the hundreds digit of 4586?
5
What is the thousands digit of 3430?
3
What is the thousands digit of 2564?
2
What is the thousands digit of 4076?
4
What is the thousands digit of 32567?
2
What is the units digit of 26963?
3
What is the thousands digit of 2988?
2
What is the tens digit of 866?
6
What is the tens digit of 317?
1
What is the units digit of 27604?
4
What is the ten thousands digit of 14153?
1
What is the tens digit of 31887?
8
What is the units digit of 355?
5
What is the hundreds digit of 1874?
8
What is the tens digit of 17490?
9
What is the thousands digit of 1913?
1
What is the hundreds digit of 132038?
0
What is the thousands digit of 6363?
6
What is the hundreds digit of 110506?
5
What is the thousands digit of 61234?
1
What is the tens digit of 3844?
4
What is the hundreds digit of 27693?
6
What is the hundreds digit of 816?
8
What is the hundreds digit of 1039?
0
What is the hundreds digit of 601?
6
What is the units digit of 13465?
5
What is the hundreds digit of 61363?
3
What is the units digit of 4705?
5
What is the hundreds digit of 15930?
9
What is the ten thousands digit of 41470?
4
What is the tens digit of 2790?
9
What is the hundreds digit of 47386?
3
What is the thousands digit of 26369?
6
What is the thousands digit of 3709?
3
What is the units digit of 1160?
0
What is the hundreds digit of 979?
9
What is the tens digit of 3040?
4
What is the hundreds digit of 37491?
4
What is the units digit of 13282?
2
What is the units digit of 9380?
0
What is the thousands digit of 4435?
4
What is the thousands digit of 6762?
6
What is the thousands digit of 29864?
9
What is the tens digit of 1007?
0
What is the hundreds digit of 43765?
7
What is the thousands digit of 2429?
2
What is the thousands digit of 20175?
0
What is the hundreds digit of 465?
4
What is the ten thousands digit of 15194?
1
What is the units digit of 91?
1
What is the units digit of 3895?
5
What is the tens digit of 71312?
1
What is the tens digit of 25961?
6
What is the ten thousands digit of 13198?
1
What is the units digit of 2506?
6
What is the units digit of 572?
2
What is the thousands digit of 112041?
2
What is the units digit of 3121?
1
What is the ten thousands digit of 107992?
0
What is the ten thousands digit of 18295?
1
What is the units digit of 89776?
6
What is the tens digit of 6381?
8
What is the hundreds digit of 529?
5
What is the units digit of 8974?
4
What is the units digit of 3188?
8
What is the hundreds digit of 1565?
5
What is the units digit of 5609?
9
What is the hundreds digit of 6406?
4
What is the tens digit of 6818?
1
What is the hundred thousands digit of 116900?
1
What is the thousands digit of 4546?
4
What is the ten thousands digit of 77553?
7
What is the hundreds digit of 3197?
1
What is the thousands digit of 52235?
2
What is the hundreds digit of 6716?
7
What is the tens digit of 3588?
8
What is the thousands digit of 43658?
3
What is the hundreds digit of 150840?
8
What is the tens digit of 7523?
2
What is the tens digit of 63?
6
What is the thousands digit of 10742?
0
What is the units digit of 38759?
9
What is the tens digit of 43763?
6
What is the hundreds digit of 625?
6
What is the tens digit of 1084?
8
What is the hundreds digit of 28257?
2
What is the thousands digit of 15380?
5
What is the units digit of 126465?
5
What is the units digit of 3548?
8
What is the units digit of 650?
0
What is the hundred thousands digit of 107973?
1
What is the tens digit of 360?
6
What is the hundreds digit of 1825?
8
What is the hundreds digit of 1850?
8
What is the hundreds digit of 9723?
7
What is the tens digit of 13516?
1
What is the ten thousands digit of 110113?
1
What is the units digit of 708?
8
What is the hundreds digit of 22516?
5
What is the thousands digit of 38374?
8
What is the hundreds digit of 202?
2
What is the tens digit of 14046?
4
What is the hundreds digit of 69942?
9
What is the tens digit of 215